{"id":13,"date":"2021-03-06T11:16:01","date_gmt":"2021-03-06T08:16:01","guid":{"rendered":"https:\/\/www.thinkinglab.org\/TR\/?page_id=13"},"modified":"2021-12-09T02:53:07","modified_gmt":"2021-12-08T23:53:07","slug":"anasayfa","status":"publish","type":"page","link":"https:\/\/www.thinkinglab.org\/ENG\/","title":{"rendered":"ANASAYFA"},"content":{"rendered":"<p>[vc_row full_width=&#8221;stretch_row&#8221; css=&#8221;.vc_custom_1615018823296{background-color: #ededed !important;}&#8221;][vc_column][vc_column_text css_animation=&#8221;none&#8221;]<\/p>\n<h1 style=\"text-align: center;\"><span style=\"color: #01233f;\">INNOVATIVE THINKING LAB.<\/span><\/h1>\n<p>Contrary to those who think that there is a rapid transition from the conceptual level to the production process, Innovative Thinking Labs. has an approach that develops training and application processes in international standards for each of the steps of looking \/ seeing, thinking \/ meaning \/ design \/ application \/ evaluation that will lead to the innovative product \/ service process.<\/p>\n<p>&nbsp;<\/p>\n<p><strong><a href=\"https:\/\/www.thinkinglab.org\/ENG\/wp-content\/uploads\/2021\/11\/Innovative-Thinking-Lab-Presentation.pptx\">Innovative Thinking Lab Presentation<\/a><\/strong>[\/vc_column_text][\/vc_column][\/vc_row][vc_row full_width=&#8221;stretch_row_content&#8221; css=&#8221;.vc_custom_1615391006055{padding-right: 100px !important;padding-bottom: 25px !important;padding-left: 100px !important;}&#8221;][vc_column width=&#8221;1\/6&#8243;]\r\n<!--Image Box Start-->\r\n<div id=\"zolo_imagebox_new_140716174369e3eed787f15\" class=\"zolo_imagebox_new_wrapper new_imagebox_style12 noanimation\" data-animation =\"No Animation\" data-delay =\"500\">\r\n    <a title=\"E-Shahrazad Projesi\" href=\"https:\/\/www.thinkinglab.org\/ENG\/projelerimiz\/uluslararasi-projeler\/e-shahrazad-projesi\/\" target=\"_self\" rel=\"\">\r\n    <div class=\"zolo_imagebox_new_box\">\r\n            <div class=\"zolo_thumbnail\" style=\"background:url(https:\/\/www.thinkinglab.org\/ENG\/wp-content\/uploads\/2021\/12\/E-SHAHRAZAD.svg) no-repeat center center; -moz-background-size:cover;-webkit-background-size:cover;-o-background-size:cover;-ms-background-size:cover;background-size:cover; height:300px;\"><\/div>\r\n        <div class=\"zolo_imagebox_new_content\">\r\n      <div class=\"zolo_imagebox_new_title_wrap\">\r\n        <p class=\"entry-title zolo_imagebox_new_title\" style=\"color:#ffffff; font-weight:bold; \">        E-SHAHRAZAD: Innovative Approach in Adult Education <\/p>              <\/div>\r\n      <div class=\"zolo_imagebox_new_des_wrap\">\r\n         <\/div>\r\n    <\/div>\r\n          <\/div>\r\n    <\/a>\r\n  <\/div>\r\n<!--Image Box End-->\r\n\r\n[\/vc_column][vc_column width=&#8221;1\/6&#8243;]\r\n<!--Image Box Start-->\r\n<div id=\"zolo_imagebox_new_200237733269e3eed789516\" class=\"zolo_imagebox_new_wrapper new_imagebox_style12 noanimation\" data-animation =\"No Animation\" data-delay =\"500\">\r\n    <a title=\"Yarat\u0131c\u0131 Gen\u00e7 E\u011fitiminde Uluslararas\u0131 E\u011fitim Kursu\" href=\"https:\/\/www.thinkinglab.org\/ENG\/projelerimiz\/uluslararasi-projeler\/yaratici-genc-egitiminde-uluslararasi-egitim-kursu\/\" target=\"_self\" rel=\"\">\r\n    <div class=\"zolo_imagebox_new_box\">\r\n            <div class=\"zolo_thumbnail\" style=\"background:url(https:\/\/www.thinkinglab.org\/ENG\/wp-content\/uploads\/2021\/12\/Untitled-e1639004570665-1.png) no-repeat center center; -moz-background-size:cover;-webkit-background-size:cover;-o-background-size:cover;-ms-background-size:cover;background-size:cover; height:300px;\"><\/div>\r\n        <div class=\"zolo_imagebox_new_content\">\r\n      <div class=\"zolo_imagebox_new_title_wrap\">\r\n        <p class=\"entry-title zolo_imagebox_new_title\" style=\"color:#ffffff; font-weight:bold; \">        International Training Course in Creative Youth Work <\/p>              <\/div>\r\n      <div class=\"zolo_imagebox_new_des_wrap\">\r\n         <\/div>\r\n    <\/div>\r\n          <\/div>\r\n    <\/a>\r\n  <\/div>\r\n<!--Image Box End-->\r\n\r\n[\/vc_column][vc_column width=&#8221;1\/6&#8243;]\r\n<!--Image Box Start-->\r\n<div id=\"zolo_imagebox_new_104822658469e3eed78a9e0\" class=\"zolo_imagebox_new_wrapper new_imagebox_style12 noanimation\" data-animation =\"No Animation\" data-delay =\"500\">\r\n    <a title=\"iNSPIRE: Innovation for Social Entrepreneurship Project\" href=\"https:\/\/www.thinkinglab.org\/ENG\/2021\/12\/09\/inspire-project\/\" target=\"_self\" rel=\"nofollow\">\r\n    <div class=\"zolo_imagebox_new_box\">\r\n            <div class=\"zolo_thumbnail\" style=\"background:url(https:\/\/www.thinkinglab.org\/ENG\/wp-content\/uploads\/2021\/12\/IMAGE-2021-12-06-12_23_49-1-1-scaled.jpg) no-repeat center center; -moz-background-size:cover;-webkit-background-size:cover;-o-background-size:cover;-ms-background-size:cover;background-size:cover; height:300px;\"><\/div>\r\n        <div class=\"zolo_imagebox_new_content\">\r\n      <div class=\"zolo_imagebox_new_title_wrap\">\r\n        <p class=\"entry-title zolo_imagebox_new_title\" style=\"color:#ffffff; font-weight:bold; \">        iNSPIRE Project <\/p>              <\/div>\r\n      <div class=\"zolo_imagebox_new_des_wrap\">\r\n         <\/div>\r\n    <\/div>\r\n          <\/div>\r\n    <\/a>\r\n  <\/div>\r\n<!--Image Box End-->\r\n\r\n[\/vc_column][vc_column width=&#8221;1\/2&#8243;][apress_blog_carousel category=&#8221;all&#8221; blgcrslcolprw=&#8221;Two&#8221; blgcrsltitlesize=&#8221;12&#8243; blgcrslnav=&#8221;square&#8221; style=&#8221;style1&#8243;][\/vc_column][\/vc_row][vc_row full_width=&#8221;stretch_row&#8221; css=&#8221;.vc_custom_1615018823296{background-color: #ededed !important;}&#8221;][vc_column][vc_column_text]<\/p>\n<h1 style=\"text-align: center;\"><span style=\"color: #01233f;\">OUR TRAININGS<\/span><\/h1>\n<p>[\/vc_column_text][\/vc_column][\/vc_row][vc_row top_padding=&#8221;0&#8243; bottom_padding=&#8221;0&#8243; ts_equalize_columns=&#8221;true&#8221; ts_equalize_stack=&#8221;true&#8221;][vc_column width=&#8221;1\/4&#8243; column_padding=&#8221;0&#8243; css=&#8221;.vc_custom_1506428953522{margin-bottom: 0px !important;padding-bottom: 0px !important;}&#8221;]<div class=\"ult-new-ib ult-ib-effect-style9  ult-ib-resp  \" data-min-width=\"768\" data-max-width=\"900\" style=\"\" data-opacity=\"1\" data-hover-opacity=\"1\" ><img decoding=\"async\" class=\"ult-new-ib-img\" style=\"opacity:1;\" alt=\"null\" src=\"https:\/\/www.thinkinglab.org\/ENG\/wp-content\/uploads\/2017\/09\/10001.jpg\"   \/><div id=\"interactive-banner-wrap-6852\" class=\"ult-new-ib-desc\" style=\"\"><h3 class=\"ult-new-ib-title ult-responsive\"  data-ultimate-target='#interactive-banner-wrap-6852 .ult-new-ib-title'  data-responsive-json-new='{\"font-size\":\"desktop:20px;\",\"line-height\":\"\"}'  style=\"font-weight:bold;\">Project Based Learning<\/h3><\/div><a class=\"ult-new-ib-link\" href=\"https:\/\/www.thinkinglab.org\/ENG\/egitimlerimiz\/proje-dongusu-egitimi\/\"  ><\/a><\/div><script type=\"text\/javascript\">\r\n\t\t\t(function($){\r\n\t\t\t\t$(document).ready(function(){\r\n\t\t\t\t\t$(\".ult-new-ib\").css(\"opacity\",\"1\");\r\n\t\t\t\t});\r\n\t\t\t})(jQuery);\r\n\t\t\t<\/script>[\/vc_column][vc_column width=&#8221;1\/4&#8243; column_padding=&#8221;0&#8243; css=&#8221;.vc_custom_1506428915828{padding-bottom: 0px !important;}&#8221;]<div class=\"ult-new-ib ult-ib-effect-style9  ult-ib-resp  \" data-min-width=\"768\" data-max-width=\"900\" style=\"\" data-opacity=\"1\" data-hover-opacity=\"1\" ><img decoding=\"async\" class=\"ult-new-ib-img\" style=\"opacity:1;\" alt=\"null\" src=\"https:\/\/www.thinkinglab.org\/ENG\/wp-content\/uploads\/2017\/09\/10002.jpg\"   \/><div id=\"interactive-banner-wrap-7898\" class=\"ult-new-ib-desc\" style=\"\"><h3 class=\"ult-new-ib-title ult-responsive\"  data-ultimate-target='#interactive-banner-wrap-7898 .ult-new-ib-title'  data-responsive-json-new='{\"font-size\":\"desktop:20px;\",\"line-height\":\"\"}'  style=\"font-weight:bold;\">Game Development Based on ICT<\/h3><\/div><a class=\"ult-new-ib-link\" href=\"https:\/\/www.thinkinglab.org\/ENG\/egitimlerimiz\/ict-temelli-oyun-gelistirme\/\"  ><\/a><\/div><script type=\"text\/javascript\">\r\n\t\t\t(function($){\r\n\t\t\t\t$(document).ready(function(){\r\n\t\t\t\t\t$(\".ult-new-ib\").css(\"opacity\",\"1\");\r\n\t\t\t\t});\r\n\t\t\t})(jQuery);\r\n\t\t\t<\/script>[\/vc_column][vc_column width=&#8221;1\/4&#8243; column_padding=&#8221;0&#8243; css=&#8221;.vc_custom_1506428958022{margin-bottom: 0px !important;padding-bottom: 0px !important;}&#8221;]<div class=\"ult-new-ib ult-ib-effect-style9  ult-ib-resp  \" data-min-width=\"768\" data-max-width=\"900\" style=\"\" data-opacity=\"1\" data-hover-opacity=\"1\" ><img decoding=\"async\" class=\"ult-new-ib-img\" style=\"opacity:1;\" alt=\"null\" src=\"https:\/\/www.thinkinglab.org\/ENG\/wp-content\/uploads\/2017\/09\/10003.jpg\"   \/><div id=\"interactive-banner-wrap-8487\" class=\"ult-new-ib-desc\" style=\"\"><h3 class=\"ult-new-ib-title ult-responsive\"  data-ultimate-target='#interactive-banner-wrap-8487 .ult-new-ib-title'  data-responsive-json-new='{\"font-size\":\"desktop:20px;\",\"line-height\":\"\"}'  style=\"font-weight:bold;\">Innovative Thinking<\/h3><\/div><a class=\"ult-new-ib-link\" href=\"https:\/\/www.thinkinglab.org\/ENG\/egitimlerimiz\/innovative-thinking\/\"  ><\/a><\/div><script type=\"text\/javascript\">\r\n\t\t\t(function($){\r\n\t\t\t\t$(document).ready(function(){\r\n\t\t\t\t\t$(\".ult-new-ib\").css(\"opacity\",\"1\");\r\n\t\t\t\t});\r\n\t\t\t})(jQuery);\r\n\t\t\t<\/script>[\/vc_column][vc_column width=&#8221;1\/4&#8243; column_padding=&#8221;0&#8243; css=&#8221;.vc_custom_1506760424166{margin-bottom: 0px !important;padding-bottom: 0px !important;}&#8221;]<div class=\"ult-new-ib ult-ib-effect-style9  ult-ib-resp  \" data-min-width=\"768\" data-max-width=\"900\" style=\"\" data-opacity=\"1\" data-hover-opacity=\"1\" ><img decoding=\"async\" class=\"ult-new-ib-img\" style=\"opacity:1;\" alt=\"null\" src=\"https:\/\/www.thinkinglab.org\/ENG\/wp-content\/uploads\/2017\/09\/10004.jpg\"   \/><div id=\"interactive-banner-wrap-8100\" class=\"ult-new-ib-desc\" style=\"\"><h3 class=\"ult-new-ib-title ult-responsive\"  data-ultimate-target='#interactive-banner-wrap-8100 .ult-new-ib-title'  data-responsive-json-new='{\"font-size\":\"desktop:20px;\",\"line-height\":\"\"}'  style=\"font-weight:bold;\">Change Management<\/h3><\/div><a class=\"ult-new-ib-link\" href=\"https:\/\/www.thinkinglab.org\/ENG\/egitimlerimiz\/degisim-yonetimi\/\"  ><\/a><\/div><script type=\"text\/javascript\">\r\n\t\t\t(function($){\r\n\t\t\t\t$(document).ready(function(){\r\n\t\t\t\t\t$(\".ult-new-ib\").css(\"opacity\",\"1\");\r\n\t\t\t\t});\r\n\t\t\t})(jQuery);\r\n\t\t\t<\/script>[\/vc_column][\/vc_row][vc_row top_padding=&#8221;0&#8243; bottom_padding=&#8221;0&#8243;][vc_column width=&#8221;1\/4&#8243; column_padding=&#8221;0&#8243; css=&#8221;.vc_custom_1615023967969{margin-top: -35px !important;margin-bottom: 0px !important;border-top-width: 0px !important;padding-bottom: 0px !important;}&#8221;]<div class=\"ult-new-ib ult-ib-effect-style9  ult-ib-resp  \" data-min-width=\"768\" data-max-width=\"900\" style=\"\" data-opacity=\"1\" data-hover-opacity=\"1\" ><img decoding=\"async\" class=\"ult-new-ib-img\" style=\"opacity:1;\" alt=\"null\" src=\"https:\/\/www.thinkinglab.org\/ENG\/wp-content\/uploads\/2017\/09\/10005.jpg\"   \/><div id=\"interactive-banner-wrap-5664\" class=\"ult-new-ib-desc\" style=\"\"><h3 class=\"ult-new-ib-title ult-responsive\"  data-ultimate-target='#interactive-banner-wrap-5664 .ult-new-ib-title'  data-responsive-json-new='{\"font-size\":\"desktop:20px;\",\"line-height\":\"\"}'  style=\"font-weight:bold;\">Design Thinking<\/h3><\/div><a class=\"ult-new-ib-link\" href=\"https:\/\/www.thinkinglab.org\/ENG\/egitimlerimiz\/design-thinking\/\"  ><\/a><\/div><script type=\"text\/javascript\">\r\n\t\t\t(function($){\r\n\t\t\t\t$(document).ready(function(){\r\n\t\t\t\t\t$(\".ult-new-ib\").css(\"opacity\",\"1\");\r\n\t\t\t\t});\r\n\t\t\t})(jQuery);\r\n\t\t\t<\/script>[\/vc_column][vc_column width=&#8221;1\/4&#8243; column_padding=&#8221;0&#8243; css=&#8221;.vc_custom_1506428981995{margin-top: 0px !important;border-bottom-width: 0px !important;padding-top: 0px !important;padding-bottom: 0px !important;}&#8221;]<div class=\"ult-new-ib ult-ib-effect-style9  ult-ib-resp  \" data-min-width=\"768\" data-max-width=\"900\" style=\"\" data-opacity=\"1\" data-hover-opacity=\"1\" ><img decoding=\"async\" class=\"ult-new-ib-img\" style=\"opacity:1;\" alt=\"null\" src=\"https:\/\/www.thinkinglab.org\/ENG\/wp-content\/uploads\/2017\/09\/10006.jpg\"   \/><div id=\"interactive-banner-wrap-6445\" class=\"ult-new-ib-desc\" style=\"\"><h3 class=\"ult-new-ib-title ult-responsive\"  data-ultimate-target='#interactive-banner-wrap-6445 .ult-new-ib-title'  data-responsive-json-new='{\"font-size\":\"desktop:20px;\",\"line-height\":\"\"}'  style=\"font-weight:bold;\">Social Entrepreneurship<\/h3><\/div><a class=\"ult-new-ib-link\" href=\"https:\/\/www.thinkinglab.org\/ENG\/egitimlerimiz\/sosyal-girisimcilik\/\"  ><\/a><\/div><script type=\"text\/javascript\">\r\n\t\t\t(function($){\r\n\t\t\t\t$(document).ready(function(){\r\n\t\t\t\t\t$(\".ult-new-ib\").css(\"opacity\",\"1\");\r\n\t\t\t\t});\r\n\t\t\t})(jQuery);\r\n\t\t\t<\/script>[\/vc_column][vc_column width=&#8221;1\/4&#8243; column_padding=&#8221;0px&#8221; css=&#8221;.vc_custom_1506428988858{margin-top: 0px !important;margin-bottom: 0px !important;padding-top: 0px !important;padding-bottom: 0px !important;}&#8221;]<div class=\"ult-new-ib ult-ib-effect-style9  ult-ib-resp  \" data-min-width=\"768\" data-max-width=\"900\" style=\"\" data-opacity=\"1\" data-hover-opacity=\"1\" ><img decoding=\"async\" class=\"ult-new-ib-img\" style=\"opacity:1;\" alt=\"null\" src=\"https:\/\/www.thinkinglab.org\/ENG\/wp-content\/uploads\/2017\/09\/10007.jpg\"   \/><div id=\"interactive-banner-wrap-5359\" class=\"ult-new-ib-desc\" style=\"\"><h3 class=\"ult-new-ib-title ult-responsive\"  data-ultimate-target='#interactive-banner-wrap-5359 .ult-new-ib-title'  data-responsive-json-new='{\"font-size\":\"desktop:20px;\",\"line-height\":\"\"}'  style=\"font-weight:bold;\">Digital Storytelling<\/h3><\/div><a class=\"ult-new-ib-link\" href=\"https:\/\/www.thinkinglab.org\/ENG\/egitimlerimiz\/storytelling\/\" title=\"Dijital Hikaye Anlat\u0131c\u0131l\u0131\u011f\u0131\"  ><\/a><\/div><script type=\"text\/javascript\">\r\n\t\t\t(function($){\r\n\t\t\t\t$(document).ready(function(){\r\n\t\t\t\t\t$(\".ult-new-ib\").css(\"opacity\",\"1\");\r\n\t\t\t\t});\r\n\t\t\t})(jQuery);\r\n\t\t\t<\/script>[\/vc_column][vc_column width=&#8221;1\/4&#8243; column_padding=&#8221;0&#8243; css=&#8221;.vc_custom_1506760469771{margin-bottom: 0px !important;padding-bottom: 0px !important;}&#8221;]<div class=\"ult-new-ib ult-ib-effect-style9  ult-ib-resp  \" data-min-width=\"768\" data-max-width=\"900\" style=\"\" data-opacity=\"1\" data-hover-opacity=\"1\" ><img decoding=\"async\" class=\"ult-new-ib-img\" style=\"opacity:1;\" alt=\"null\" src=\"https:\/\/www.thinkinglab.org\/ENG\/wp-content\/uploads\/2014\/12\/43434.jpg\"   \/><div id=\"interactive-banner-wrap-6783\" class=\"ult-new-ib-desc\" style=\"\"><h3 class=\"ult-new-ib-title ult-responsive\"  data-ultimate-target='#interactive-banner-wrap-6783 .ult-new-ib-title'  data-responsive-json-new='{\"font-size\":\"desktop:20px;\",\"line-height\":\"\"}'  style=\"font-weight:bold;\">Conflict Management<\/h3><\/div><a class=\"ult-new-ib-link\" href=\"https:\/\/www.thinkinglab.org\/ENG\/egitimlerimiz\/catisma-yonetimi\/\" title=\"\u00c7at\u0131\u015fma Y\u00f6netimi\"  ><\/a><\/div><script type=\"text\/javascript\">\r\n\t\t\t(function($){\r\n\t\t\t\t$(document).ready(function(){\r\n\t\t\t\t\t$(\".ult-new-ib\").css(\"opacity\",\"1\");\r\n\t\t\t\t});\r\n\t\t\t})(jQuery);\r\n\t\t\t<\/script>[\/vc_column][\/vc_row]<\/p>\n","protected":false},"excerpt":{"rendered":"<p>[vc_row full_width=&#8221;stretch_row&#8221; css=&#8221;.vc_custom_1615018823296{background-color: #ededed !important;}&#8221;][vc_column][vc_column_text css_animation=&#8221;none&#8221;] INNOVATIVE THINKING LAB. Contrary to those who think that there is a rapid transition from the conceptual level to the production process, Innovative Thinking Labs. has an approach that develops training and application processes<span class=\"read_more_area\"><a class=\"read-more\" href=\"https:\/\/www.thinkinglab.org\/ENG\/\"> Continue Reading <\/a><\/span><\/p>\n","protected":false},"author":3,"featured_media":0,"parent":0,"menu_order":0,"comment_status":"closed","ping_status":"closed","template":"","meta":{"footnotes":""},"class_list":["post-13","page","type-page","status-publish","hentry"],"_links":{"self":[{"href":"https:\/\/www.thinkinglab.org\/ENG\/wp-json\/wp\/v2\/pages\/13","targetHints":{"allow":["GET"]}}],"collection":[{"href":"https:\/\/www.thinkinglab.org\/ENG\/wp-json\/wp\/v2\/pages"}],"about":[{"href":"https:\/\/www.thinkinglab.org\/ENG\/wp-json\/wp\/v2\/types\/page"}],"author":[{"embeddable":true,"href":"https:\/\/www.thinkinglab.org\/ENG\/wp-json\/wp\/v2\/users\/3"}],"replies":[{"embeddable":true,"href":"https:\/\/www.thinkinglab.org\/ENG\/wp-json\/wp\/v2\/comments?post=13"}],"version-history":[{"count":53,"href":"https:\/\/www.thinkinglab.org\/ENG\/wp-json\/wp\/v2\/pages\/13\/revisions"}],"predecessor-version":[{"id":3348,"href":"https:\/\/www.thinkinglab.org\/ENG\/wp-json\/wp\/v2\/pages\/13\/revisions\/3348"}],"wp:attachment":[{"href":"https:\/\/www.thinkinglab.org\/ENG\/wp-json\/wp\/v2\/media?parent=13"}],"curies":[{"name":"wp","href":"https:\/\/api.w.org\/{rel}","templated":true}]}}